{"id":360,"date":"2025-04-10T11:25:02","date_gmt":"2025-04-10T09:25:02","guid":{"rendered":"https:\/\/ahod360.ili.eu\/?page_id=360"},"modified":"2025-04-10T15:34:49","modified_gmt":"2025-04-10T13:34:49","slug":"albaola-atlantikbogen-2","status":"publish","type":"page","link":"https:\/\/ahod360.ili.eu\/index.php\/de\/albaola-atlantikbogen-2\/","title":{"rendered":"Albaola (Atlantikbogen)"},"content":{"rendered":"\n<p>Besuchen Sie Albaola, eine Werft und ein Museum, das sich der Rekonstruktion historischer baskischer Schiffe widmet. Erleben Sie die lebendige maritime Kultur des Baskenlandes und die authentische Handwerkskunst, die hier gepflegt wird.<\/p>\n\n\n\n<p>Albaola Itsas Kultur Faktoria in Pasaia, Gipuzkoa, Spanien, ist eine Werft und ein Museum, das sich der Konstruktion und Restaurierung historischer Holzschiffe mit traditionellen Handwerkstechniken widmet. Gegr\u00fcndet 1998 von Xabier Agote, f\u00f6rdert Albaola die baskische maritime Kultur. Ein bedeutendes Projekt ist der Nachbau der baskischen Walfang-Galeone San Juan aus dem 16. Jahrhundert. Albaola bietet auch Ausbildungsprogramme an, um traditionelle Schiffbaukenntnisse an zuk\u00fcnftige Generationen weiterzugeben. Die Einrichtung hat eine bedeutende wirtschaftliche und kulturelle Wirkung auf die Region und wurde 2024 f\u00fcr ihre Nachhaltigkeit ausgezeichnet.<\/p>\n\n\n<div id='ggpkg_container_0_360' style='width:100%; height:800px; position: relative;'>\n<div style='width:100%; height:100%; overflow: hidden; position:relative; display:flex; justify-content:center; align-items:center;'>\n<img src='https:\/\/ahod360.ili.eu\/wp-content\/uploads\/2025\/04\/AtlanticArc\/preview.jpg' alt='' onclick='startPlayer_0_360();' style='min-width:100%; max-width: 10000px; min-height: 100%; max-height: 10000px; position: absolute;'>\n<img src='\/wp-content\/plugins\/garden-gnome-package\/include\/play.png' alt='' onclick='startPlayer_0_360();' style='width: 180px; height: 180px; z-index:10; display: block;'>\n<\/div>\n<\/div>\n<script type='text\/javascript' src='https:\/\/ahod360.ili.eu\/wp-content\/uploads\/2025\/04\/AtlanticArc\/pano2vr_player.js'><\/script>\n<script type='text\/javascript' src='https:\/\/ahod360.ili.eu\/wp-content\/uploads\/2025\/04\/AtlanticArc\/skin.js'><\/script>\n<script type='text\/javascript'>\nfunction startPlayer_0_360() {\nif  (typeof AtlanticArc_pano2vrPlayer != 'undefined') {\n\tpano_0_360=new AtlanticArc_pano2vrPlayer('ggpkg_container_0_360');\n} else {\n\tpano_0_360=new pano2vrPlayer('ggpkg_container_0_360');\n}\nif  (typeof AtlanticArc_pano2vrSkin != 'undefined') {\n\tskin_0_360=new AtlanticArc_pano2vrSkin(pano_0_360, 'https:\/\/ahod360.ili.eu\/wp-content\/uploads\/2025\/04\/AtlanticArc\/');\n} else {\n\tskin_0_360=new pano2vrSkin(pano_0_360, 'https:\/\/ahod360.ili.eu\/wp-content\/uploads\/2025\/04\/AtlanticArc\/');\n}\npano_0_360.readConfigUrlAsync('https:\/\/ahod360.ili.eu\/wp-content\/uploads\/2025\/04\/AtlanticArc\/pano.xml');\nvar contentOverflow = document.getElementById('content') ? document.getElementById('content').style.overflow : '';\npano_0_360.addListener('fullscreenenter', function() {\n\tif (document.getElementById('content')) {\n\t\tdocument.getElementById('content').style.overflow = 'visible';\n\t}\n});\npano_0_360.addListener('fullscreenexit', function() {\n\tif (document.getElementById('content')) {\n\t\tdocument.getElementById('content').style.overflow = contentOverflow;\n\t}\n});\n}\n<\/script>\n\n\n\n<div style=\"height:70px\" aria-hidden=\"true\" class=\"wp-block-spacer\"><\/div>\n\n\n\n<h2 class=\"wp-block-heading\">\ud83d\udcd2 Weitere Informationen<\/h2>\n\n\n\n<p>F\u00fcr weitere n\u00fctzliche Informationen zur Werft, einschlie\u00dflich Navigation, Lernzielen und Inhalten, laden Sie bitte unser Benutzerhandbuch herunter.<\/p>\n\n\n\n<div class=\"wp-block-file\"><a id=\"wp-block-file--media-73464a18-a410-4d8a-a627-19cd5cb1d995\" href=\"https:\/\/ahod360.ili.eu\/wp-content\/uploads\/2025\/04\/AHOD-360-D4.18-Benutzerhandbuch_DE-1.pdf\">AHOD 360 &#8211; D4.18 Benutzerhandbuch_DE<\/a><a href=\"https:\/\/ahod360.ili.eu\/wp-content\/uploads\/2025\/04\/AHOD-360-D4.18-Benutzerhandbuch_DE-1.pdf\" class=\"wp-block-file__button wp-element-button\" download aria-describedby=\"wp-block-file--media-73464a18-a410-4d8a-a627-19cd5cb1d995\">Herunterladen<\/a><\/div>\n\n\n\n<div style=\"height:70px\" aria-hidden=\"true\" class=\"wp-block-spacer\"><\/div>\n\n\n\n<h2 class=\"wp-block-heading\">\ud83c\udfb2 Testen Sie Ihr Wissen!<\/h2>\n\n\n\n<p>Hat Ihnen der Rundgang durch die Werft Spa\u00df gemacht? Testen Sie nun Ihr Wissen mit unseren interaktiven Fragen!<\/p>\n\n\n<div class=\"rrze-elements accordion style_light\" id=\"accordion-0\">\n<div class=\"accordion-group #A1BDCF\">\n<h2 class=\"accordion-heading\"><button class=\"accordion-toggle\" data-toggle=\"collapse\"  href=\"#collapse_0\" aria-expanded=\"false\" aria-controls=\"collapse_0\" id=\"collapse_button_0\"> Dialog Cards <\/button><\/h2>\n<div id=\"collapse_0\" class=\"accordion-body\" aria-labelledby=\"collapse_button_0\">\n<div class=\"accordion-inner clearfix\">\n<div class=\"h5p-iframe-wrapper\"><iframe id=\"h5p-iframe-93\" class=\"h5p-iframe\" data-content-id=\"93\" style=\"height:1px\" src=\"about:blank\" frameBorder=\"0\" scrolling=\"no\" title=\"AHOD360 - Albaola_Atlantic Arc_Dialog Cards_German\"><\/iframe><\/div>\n<\/div>\n<\/div>\n<\/div>\n<p><\/p>\n<div class=\"accordion-group #A1BDCF\">\n<h2 class=\"accordion-heading\"><button class=\"accordion-toggle\" data-toggle=\"collapse\"  href=\"#collapse_1\" aria-expanded=\"false\" aria-controls=\"collapse_1\" id=\"collapse_button_1\"> Memory Game <\/button><\/h2>\n<div id=\"collapse_1\" class=\"accordion-body\" aria-labelledby=\"collapse_button_1\">\n<div class=\"accordion-inner clearfix\">\n<div class=\"h5p-content\" data-content-id=\"94\"><\/div>\n<\/div>\n<\/div>\n<\/div>\n<p><\/p>\n<div class=\"accordion-group #A1BDCF\">\n<h2 class=\"accordion-heading\"><button class=\"accordion-toggle\" data-toggle=\"collapse\"  href=\"#collapse_2\" aria-expanded=\"false\" aria-controls=\"collapse_2\" id=\"collapse_button_2\"> Multiple Choice <\/button><\/h2>\n<div id=\"collapse_2\" class=\"accordion-body\" aria-labelledby=\"collapse_button_2\">\n<div class=\"accordion-inner clearfix\">\n<div class=\"h5p-iframe-wrapper\"><iframe id=\"h5p-iframe-95\" class=\"h5p-iframe\" data-content-id=\"95\" style=\"height:1px\" src=\"about:blank\" frameBorder=\"0\" scrolling=\"no\" title=\"AHOD360 - Albaola_Atlantic Arc_Multiple Choice_German\"><\/iframe><\/div>\n<\/div>\n<\/div>\n<\/div>\n<p><\/p>\n<div class=\"accordion-group #A1BDCF\">\n<h2 class=\"accordion-heading\"><button class=\"accordion-toggle\" data-toggle=\"collapse\"  href=\"#collapse_3\" aria-expanded=\"false\" aria-controls=\"collapse_3\" id=\"collapse_button_3\"> True\/False <\/button><\/h2>\n<div id=\"collapse_3\" class=\"accordion-body\" aria-labelledby=\"collapse_button_3\">\n<div class=\"accordion-inner clearfix\">\n<div class=\"h5p-iframe-wrapper\"><iframe id=\"h5p-iframe-96\" class=\"h5p-iframe\" data-content-id=\"96\" style=\"height:1px\" src=\"about:blank\" frameBorder=\"0\" scrolling=\"no\" title=\"AHOD360 - Albaola_Atlantic Arc_True False Question_German\"><\/iframe><\/div>\n<\/div>\n<\/div>\n<\/div>\n<p><\/p>\n<div class=\"accordion-group #A1BDCF\">\n<h2 class=\"accordion-heading\"><button class=\"accordion-toggle\" data-toggle=\"collapse\"  href=\"#collapse_4\" aria-expanded=\"false\" aria-controls=\"collapse_4\" id=\"collapse_button_4\"> Find the Words <\/button><\/h2>\n<div id=\"collapse_4\" class=\"accordion-body\" aria-labelledby=\"collapse_button_4\">\n<div class=\"accordion-inner clearfix\">\n<div class=\"h5p-iframe-wrapper\"><iframe id=\"h5p-iframe-97\" class=\"h5p-iframe\" data-content-id=\"97\" style=\"height:1px\" src=\"about:blank\" frameBorder=\"0\" scrolling=\"no\" title=\"AHOD360 - Albaola_Atlantic Arc_Find The Words_German\"><\/iframe><\/div>\n<\/div>\n<\/div>\n<\/div>\n<p>\n<\/div>\n\n","protected":false},"excerpt":{"rendered":"<p>Besuchen Sie Albaola, eine Werft und ein Museum, das sich der Rekonstruktion historischer baskischer Schiffe widmet. Erleben Sie die lebendige maritime Kultur des Baskenlandes und die authentische Handwerkskunst, die hier gepflegt wird. Albaola Itsas Kultur Faktoria in Pasaia, Gipuzkoa, Spanien, ist eine Werft und ein Museum, das sich der Konstruktion und Restaurierung historischer Holzschiffe mit &#8230; <a title=\"Albaola (Atlantikbogen)\" class=\"read-more\" href=\"https:\/\/ahod360.ili.eu\/index.php\/de\/albaola-atlantikbogen-2\/\" aria-label=\"Mehr Informationen \u00fcber Albaola (Atlantikbogen)\">Weiterlesen<\/a><\/p>\n","protected":false},"author":2,"featured_media":0,"parent":0,"menu_order":0,"comment_status":"closed","ping_status":"closed","template":"","meta":{"footnotes":""},"class_list":["post-360","page","type-page","status-publish"],"_links":{"self":[{"href":"https:\/\/ahod360.ili.eu\/index.php\/wp-json\/wp\/v2\/pages\/360","targetHints":{"allow":["GET"]}}],"collection":[{"href":"https:\/\/ahod360.ili.eu\/index.php\/wp-json\/wp\/v2\/pages"}],"about":[{"href":"https:\/\/ahod360.ili.eu\/index.php\/wp-json\/wp\/v2\/types\/page"}],"author":[{"embeddable":true,"href":"https:\/\/ahod360.ili.eu\/index.php\/wp-json\/wp\/v2\/users\/2"}],"replies":[{"embeddable":true,"href":"https:\/\/ahod360.ili.eu\/index.php\/wp-json\/wp\/v2\/comments?post=360"}],"version-history":[{"count":3,"href":"https:\/\/ahod360.ili.eu\/index.php\/wp-json\/wp\/v2\/pages\/360\/revisions"}],"predecessor-version":[{"id":383,"href":"https:\/\/ahod360.ili.eu\/index.php\/wp-json\/wp\/v2\/pages\/360\/revisions\/383"}],"wp:attachment":[{"href":"https:\/\/ahod360.ili.eu\/index.php\/wp-json\/wp\/v2\/media?parent=360"}],"curies":[{"name":"wp","href":"https:\/\/api.w.org\/{rel}","templated":true}]}}