{"id":354,"date":"2025-04-10T08:39:21","date_gmt":"2025-04-10T06:39:21","guid":{"rendered":"https:\/\/ahod360.ili.eu\/?page_id=354"},"modified":"2025-04-10T22:35:08","modified_gmt":"2025-04-10T20:35:08","slug":"astilleros-nereo-intermediaire-mediterraneen","status":"publish","type":"page","link":"https:\/\/ahod360.ili.eu\/index.php\/fr\/astilleros-nereo-intermediaire-mediterraneen\/","title":{"rendered":"Astilleros Nereo (Interm\u00e9diaire M\u00e9diterran\u00e9en)"},"content":{"rendered":"\n<p>Plongez dans le monde des Astilleros Nereo, l&#8217;un des plus anciens chantiers navals traditionnels d&#8217;Espagne. D\u00e9couvrez l&#8217;art de la construction navale en bois et la restauration de navires historiques qui pr\u00e9servent le patrimoine maritime de la M\u00e9diterran\u00e9e.<\/p>\n\n\n\n<p>Astilleros Nereo, situ\u00e9 dans le quartier historique de Pedregalejo \u00e0 M\u00e1laga, Espagne, est l&#8217;un des plus anciens chantiers navals traditionnels du pays, actif depuis 1966. Le chantier est r\u00e9put\u00e9 pour la construction et la restauration de bateaux en bois, pr\u00e9servant l&#8217;art ancien de la construction navale. Il a obtenu une reconnaissance internationale pour la restauration m\u00e9ticuleuse de navires historiques et la cr\u00e9ation de r\u00e9pliques de bateaux anciens. G\u00e9r\u00e9 par la famille S\u00e1nchez-Guitard depuis plus d&#8217;un demi-si\u00e8cle, le chantier joue un r\u00f4le crucial dans la communaut\u00e9 locale, tant \u00e9conomiquement que culturellement.<\/p>\n\n\n<div id='ggpkg_container_0_354' style='width:100%; height:800px; position: relative;'>\n<div style='width:100%; height:100%; overflow: hidden; position:relative; display:flex; justify-content:center; align-items:center;'>\n<img src='https:\/\/ahod360.ili.eu\/wp-content\/uploads\/2025\/04\/AHOD360_Mediterranean_Sea\/preview.jpg' alt='' onclick='startPlayer_0_354();' style='min-width:100%; max-width: 10000px; min-height: 100%; max-height: 10000px; position: absolute;'>\n<img src='\/wp-content\/plugins\/garden-gnome-package\/include\/play.png' alt='' onclick='startPlayer_0_354();' style='width: 180px; height: 180px; z-index:10; display: block;'>\n<\/div>\n<\/div>\n<script type='text\/javascript' src='https:\/\/ahod360.ili.eu\/wp-content\/uploads\/2025\/04\/AHOD360_Mediterranean_Sea\/pano2vr_player.js'><\/script>\n<script type='text\/javascript' src='https:\/\/ahod360.ili.eu\/wp-content\/uploads\/2025\/04\/AHOD360_Mediterranean_Sea\/skin.js'><\/script>\n<script type='text\/javascript'>\nfunction startPlayer_0_354() {\nif  (typeof AHOD360_Mediterranean_Sea_pano2vrPlayer != 'undefined') {\n\tpano_0_354=new AHOD360_Mediterranean_Sea_pano2vrPlayer('ggpkg_container_0_354');\n} else {\n\tpano_0_354=new pano2vrPlayer('ggpkg_container_0_354');\n}\nif  (typeof AHOD360_Mediterranean_Sea_pano2vrSkin != 'undefined') {\n\tskin_0_354=new AHOD360_Mediterranean_Sea_pano2vrSkin(pano_0_354, 'https:\/\/ahod360.ili.eu\/wp-content\/uploads\/2025\/04\/AHOD360_Mediterranean_Sea\/');\n} else {\n\tskin_0_354=new pano2vrSkin(pano_0_354, 'https:\/\/ahod360.ili.eu\/wp-content\/uploads\/2025\/04\/AHOD360_Mediterranean_Sea\/');\n}\npano_0_354.readConfigUrlAsync('https:\/\/ahod360.ili.eu\/wp-content\/uploads\/2025\/04\/AHOD360_Mediterranean_Sea\/pano.xml');\nvar contentOverflow = document.getElementById('content') ? document.getElementById('content').style.overflow : '';\npano_0_354.addListener('fullscreenenter', function() {\n\tif (document.getElementById('content')) {\n\t\tdocument.getElementById('content').style.overflow = 'visible';\n\t}\n});\npano_0_354.addListener('fullscreenexit', function() {\n\tif (document.getElementById('content')) {\n\t\tdocument.getElementById('content').style.overflow = contentOverflow;\n\t}\n});\n}\n<\/script>\n\n\n\n<div style=\"height:70px\" aria-hidden=\"true\" class=\"wp-block-spacer\"><\/div>\n\n\n\n<h2 class=\"wp-block-heading\">\ud83d\udcd2 Plus d\u00b4informations<\/h2>\n\n\n\n<p>Pour plus d&#8217;informations utiles sur le chantier naval, y compris la navigation, les objectifs d&#8217;apprentissage et le contenu, veuillez t\u00e9l\u00e9charger notre manuel d&#8217;utilisation.<\/p>\n\n\n\n<div class=\"wp-block-file\"><a id=\"wp-block-file--media-c5109f55-ab0d-4527-adc2-d0d55ec062f8\" href=\"https:\/\/ahod360.ili.eu\/wp-content\/uploads\/2025\/04\/AHOD-360-D4.18-Manuel-de-lutilisateur_FR.pdf\">AHOD 360 &#8211; D4.18 Manuel de l&#8217;utilisateur_FR<\/a><a href=\"https:\/\/ahod360.ili.eu\/wp-content\/uploads\/2025\/04\/AHOD-360-D4.18-Manuel-de-lutilisateur_FR.pdf\" class=\"wp-block-file__button wp-element-button\" download aria-describedby=\"wp-block-file--media-c5109f55-ab0d-4527-adc2-d0d55ec062f8\">T\u00e9l\u00e9charger<\/a><\/div>\n\n\n\n<div style=\"height:70px\" aria-hidden=\"true\" class=\"wp-block-spacer\"><\/div>\n\n\n\n<h2 class=\"wp-block-heading\">\ud83c\udfb2 Testez vos connaissances!<\/h2>\n\n\n\n<p>Avez-vous appr\u00e9ci\u00e9 la visite du chantier naval? Testez maintenant vos connaissances avec nos questions interactives!<\/p>\n\n\n<div class=\"rrze-elements accordion style_light\" id=\"accordion-0\">\n<div class=\"accordion-group #A1BDCF\">\n<h2 class=\"accordion-heading\"><button class=\"accordion-toggle\" data-toggle=\"collapse\"  href=\"#collapse_0\" aria-expanded=\"false\" aria-controls=\"collapse_0\" id=\"collapse_button_0\"> Dialog Cards <\/button><\/h2>\n<div id=\"collapse_0\" class=\"accordion-body\" aria-labelledby=\"collapse_button_0\">\n<div class=\"accordion-inner clearfix\">\n<div class=\"h5p-iframe-wrapper\"><iframe id=\"h5p-iframe-88\" class=\"h5p-iframe\" data-content-id=\"88\" style=\"height:1px\" src=\"about:blank\" frameBorder=\"0\" scrolling=\"no\" title=\"AHOD360 - Astilleros Nereo_Intermediterranean Sea_Dialogue Card_French\"><\/iframe><\/div>\n<\/div>\n<\/div>\n<\/div>\n<p><\/p>\n<div class=\"accordion-group #A1BDCF\">\n<h2 class=\"accordion-heading\"><button class=\"accordion-toggle\" data-toggle=\"collapse\"  href=\"#collapse_1\" aria-expanded=\"false\" aria-controls=\"collapse_1\" id=\"collapse_button_1\"> Drag the Words <\/button><\/h2>\n<div id=\"collapse_1\" class=\"accordion-body\" aria-labelledby=\"collapse_button_1\">\n<div class=\"accordion-inner clearfix\">\n<div class=\"h5p-iframe-wrapper\"><iframe id=\"h5p-iframe-89\" class=\"h5p-iframe\" data-content-id=\"89\" style=\"height:1px\" src=\"about:blank\" frameBorder=\"0\" scrolling=\"no\" title=\"AHOD360 - Astilleros Nereo_Intermediterranean Sea_Drag the Words_French\"><\/iframe><\/div>\n<\/div>\n<\/div>\n<\/div>\n<p><\/p>\n<div class=\"accordion-group #A1BDCF\">\n<h2 class=\"accordion-heading\"><button class=\"accordion-toggle\" data-toggle=\"collapse\"  href=\"#collapse_2\" aria-expanded=\"false\" aria-controls=\"collapse_2\" id=\"collapse_button_2\"> Multiple Choice <\/button><\/h2>\n<div id=\"collapse_2\" class=\"accordion-body\" aria-labelledby=\"collapse_button_2\">\n<div class=\"accordion-inner clearfix\">\n<div class=\"h5p-iframe-wrapper\"><iframe id=\"h5p-iframe-90\" class=\"h5p-iframe\" data-content-id=\"90\" style=\"height:1px\" src=\"about:blank\" frameBorder=\"0\" scrolling=\"no\" title=\"AHOD360 - Astilleros Nereo_Intermediterranean Sea_Multiple Choice_French\"><\/iframe><\/div>\n<\/div>\n<\/div>\n<\/div>\n<p><\/p>\n<div class=\"accordion-group #A1BDCF\">\n<h2 class=\"accordion-heading\"><button class=\"accordion-toggle\" data-toggle=\"collapse\"  href=\"#collapse_3\" aria-expanded=\"false\" aria-controls=\"collapse_3\" id=\"collapse_button_3\"> Find the Words <\/button><\/h2>\n<div id=\"collapse_3\" class=\"accordion-body\" aria-labelledby=\"collapse_button_3\">\n<div class=\"accordion-inner clearfix\">\n<div class=\"h5p-iframe-wrapper\"><iframe id=\"h5p-iframe-91\" class=\"h5p-iframe\" data-content-id=\"91\" style=\"height:1px\" src=\"about:blank\" frameBorder=\"0\" scrolling=\"no\" title=\"AHOD360 - Astilleros Nereo_Intermediterranean Sea_Find The Words_French\"><\/iframe><\/div>\n<\/div>\n<\/div>\n<\/div>\n<p><\/p>\n<div class=\"accordion-group #A1BDCF\">\n<h2 class=\"accordion-heading\"><button class=\"accordion-toggle\" data-toggle=\"collapse\"  href=\"#collapse_4\" aria-expanded=\"false\" aria-controls=\"collapse_4\" id=\"collapse_button_4\"> Drag & Drop <\/button><\/h2>\n<div id=\"collapse_4\" class=\"accordion-body\" aria-labelledby=\"collapse_button_4\">\n<div class=\"accordion-inner clearfix\">\n<div class=\"h5p-iframe-wrapper\"><iframe id=\"h5p-iframe-92\" class=\"h5p-iframe\" data-content-id=\"92\" style=\"height:1px\" src=\"about:blank\" frameBorder=\"0\" scrolling=\"no\" title=\"AHOD360 - Astilleros Nereo_Intermediterranean Sea_Drag and Drop_French\"><\/iframe><\/div>\n<\/div>\n<\/div>\n<\/div>\n<p>\n<\/div>\n\n","protected":false},"excerpt":{"rendered":"<p>Plongez dans le monde des Astilleros Nereo, l&#8217;un des plus anciens chantiers navals traditionnels d&#8217;Espagne. D\u00e9couvrez l&#8217;art de la construction navale en bois et la restauration de navires historiques qui pr\u00e9servent le patrimoine maritime de la M\u00e9diterran\u00e9e. Astilleros Nereo, situ\u00e9 dans le quartier historique de Pedregalejo \u00e0 M\u00e1laga, Espagne, est l&#8217;un des plus anciens chantiers &#8230; <a title=\"Astilleros Nereo (Interm\u00e9diaire M\u00e9diterran\u00e9en)\" class=\"read-more\" href=\"https:\/\/ahod360.ili.eu\/index.php\/fr\/astilleros-nereo-intermediaire-mediterraneen\/\" aria-label=\"Mehr Informationen \u00fcber Astilleros Nereo (Interm\u00e9diaire M\u00e9diterran\u00e9en)\">Weiterlesen<\/a><\/p>\n","protected":false},"author":2,"featured_media":0,"parent":0,"menu_order":0,"comment_status":"closed","ping_status":"closed","template":"","meta":{"footnotes":""},"class_list":["post-354","page","type-page","status-publish"],"_links":{"self":[{"href":"https:\/\/ahod360.ili.eu\/index.php\/wp-json\/wp\/v2\/pages\/354","targetHints":{"allow":["GET"]}}],"collection":[{"href":"https:\/\/ahod360.ili.eu\/index.php\/wp-json\/wp\/v2\/pages"}],"about":[{"href":"https:\/\/ahod360.ili.eu\/index.php\/wp-json\/wp\/v2\/types\/page"}],"author":[{"embeddable":true,"href":"https:\/\/ahod360.ili.eu\/index.php\/wp-json\/wp\/v2\/users\/2"}],"replies":[{"embeddable":true,"href":"https:\/\/ahod360.ili.eu\/index.php\/wp-json\/wp\/v2\/comments?post=354"}],"version-history":[{"count":3,"href":"https:\/\/ahod360.ili.eu\/index.php\/wp-json\/wp\/v2\/pages\/354\/revisions"}],"predecessor-version":[{"id":434,"href":"https:\/\/ahod360.ili.eu\/index.php\/wp-json\/wp\/v2\/pages\/354\/revisions\/434"}],"wp:attachment":[{"href":"https:\/\/ahod360.ili.eu\/index.php\/wp-json\/wp\/v2\/media?parent=354"}],"curies":[{"name":"wp","href":"https:\/\/api.w.org\/{rel}","templated":true}]}}