{"id":239,"date":"2025-04-09T09:48:34","date_gmt":"2025-04-09T07:48:34","guid":{"rendered":"https:\/\/ahod360.ili.eu\/?page_id=239"},"modified":"2025-04-30T16:46:47","modified_gmt":"2025-04-30T14:46:47","slug":"boebs-werft-mer-baltique","status":"publish","type":"page","link":"https:\/\/ahod360.ili.eu\/index.php\/fr\/boebs-werft-mer-baltique\/","title":{"rendered":"B\u00f6bs-Werft (Mer Baltique)"},"content":{"rendered":"\n<p>Bienvenue \u00e0 B\u00f6bs-Werft, un centre de maintenance et de restauration de yachts classiques. D\u00e9couvrez la combinaison de l&#8217;artisanat traditionnel et de l&#8217;expertise moderne qui fait de ce chantier naval un fournisseur de premier plan dans les services de yachts.<\/p>\n\n\n\n<p>B\u00f6bs Shipyard, situ\u00e9 \u00e0 L\u00fcbeck-Travem\u00fcnde sur la mer Baltique, poss\u00e8de plus d&#8217;un si\u00e8cle de tradition maritime. Fond\u00e9 en 1912, le chantier naval s&#8217;est transform\u00e9 de constructeur de bateaux en sp\u00e9cialiste de la maintenance, de la r\u00e9paration et de la restauration de yachts. Le chantier offre une gamme de services, y compris les r\u00e9parations de coque, les travaux de gr\u00e9ement, l&#8217;entretien des moteurs et le stockage hivernal. Un projet remarquable est la restauration du yacht de r\u00e9gate historique Germania VI. B\u00f6bs Shipyard emploie environ 35 personnes et joue un r\u00f4le essentiel dans l&#8217;\u00e9conomie locale.<\/p>\n\n\n<div id='ggpkg_container_0_239' style='width:100%; height:800px; position: relative;'>\n<div style='width:100%; height:100%; overflow: hidden; position:relative; display:flex; justify-content:center; align-items:center;'>\n<img src='https:\/\/ahod360.ili.eu\/wp-content\/uploads\/2025\/04\/Baltic_Sea\/preview.jpg' alt='' onclick='startPlayer_0_239();' style='min-width:100%; max-width: 10000px; min-height: 100%; max-height: 10000px; position: absolute;'>\n<img src='\/wp-content\/plugins\/garden-gnome-package\/include\/play.png' alt='' onclick='startPlayer_0_239();' style='width: 180px; height: 180px; z-index:10; display: block;'>\n<\/div>\n<\/div>\n<script type='text\/javascript' src='https:\/\/ahod360.ili.eu\/wp-content\/uploads\/2025\/04\/Baltic_Sea\/pano2vr_player.js'><\/script>\n<script type='text\/javascript' src='https:\/\/ahod360.ili.eu\/wp-content\/uploads\/2025\/04\/Baltic_Sea\/skin.js'><\/script>\n<script type='text\/javascript'>\nfunction startPlayer_0_239() {\nif  (typeof Baltic_Sea_pano2vrPlayer != 'undefined') {\n\tpano_0_239=new Baltic_Sea_pano2vrPlayer('ggpkg_container_0_239');\n} else {\n\tpano_0_239=new pano2vrPlayer('ggpkg_container_0_239');\n}\nif  (typeof Baltic_Sea_pano2vrSkin != 'undefined') {\n\tskin_0_239=new Baltic_Sea_pano2vrSkin(pano_0_239, 'https:\/\/ahod360.ili.eu\/wp-content\/uploads\/2025\/04\/Baltic_Sea\/');\n} else {\n\tskin_0_239=new pano2vrSkin(pano_0_239, 'https:\/\/ahod360.ili.eu\/wp-content\/uploads\/2025\/04\/Baltic_Sea\/');\n}\npano_0_239.readConfigUrlAsync('https:\/\/ahod360.ili.eu\/wp-content\/uploads\/2025\/04\/Baltic_Sea\/pano.xml');\nvar contentOverflow = document.getElementById('content') ? document.getElementById('content').style.overflow : '';\npano_0_239.addListener('fullscreenenter', function() {\n\tif (document.getElementById('content')) {\n\t\tdocument.getElementById('content').style.overflow = 'visible';\n\t}\n});\npano_0_239.addListener('fullscreenexit', function() {\n\tif (document.getElementById('content')) {\n\t\tdocument.getElementById('content').style.overflow = contentOverflow;\n\t}\n});\n}\n<\/script>\n\n\n\n<div style=\"height:70px\" aria-hidden=\"true\" class=\"wp-block-spacer\"><\/div>\n\n\n\n<h2 class=\"wp-block-heading\">\ud83d\udcd2 Plus d\u00b4informations<\/h2>\n\n\n\n<p>Pour plus d&#8217;informations utiles sur le chantier naval, y compris la navigation, les objectifs d&#8217;apprentissage et le contenu, veuillez t\u00e9l\u00e9charger notre manuel d&#8217;utilisation.<\/p>\n\n\n\n<div class=\"wp-block-file\"><a id=\"wp-block-file--media-c5109f55-ab0d-4527-adc2-d0d55ec062f8\" href=\"https:\/\/ahod360.ili.eu\/wp-content\/uploads\/2025\/04\/AHOD-360-D4.18-Manuel-de-lutilisateur_FR.pdf\">AHOD 360 &#8211; D4.18 Manuel de l&#8217;utilisateur_FR<\/a><a href=\"https:\/\/ahod360.ili.eu\/wp-content\/uploads\/2025\/04\/AHOD-360-D4.18-Manuel-de-lutilisateur_FR.pdf\" class=\"wp-block-file__button wp-element-button\" download aria-describedby=\"wp-block-file--media-c5109f55-ab0d-4527-adc2-d0d55ec062f8\">T\u00e9l\u00e9charger<\/a><\/div>\n\n\n\n<div style=\"height:70px\" aria-hidden=\"true\" class=\"wp-block-spacer\"><\/div>\n\n\n\n<h2 class=\"wp-block-heading\">\ud83c\udfb2 Testez vos connaissances!<\/h2>\n\n\n\n<p>Avez-vous appr\u00e9ci\u00e9 la visite du chantier naval? Testez maintenant vos connaissances avec nos questions interactives!<\/p>\n\n\n<div class=\"rrze-elements accordion style_light\" id=\"accordion-0\">\n<div class=\"accordion-group #A1BDCF\">\n<h2 class=\"accordion-heading\"><button class=\"accordion-toggle\" data-toggle=\"collapse\"  href=\"#collapse_0\" aria-expanded=\"false\" aria-controls=\"collapse_0\" id=\"collapse_button_0\"> Dialog Cards <\/button><\/h2>\n<div id=\"collapse_0\" class=\"accordion-body\" aria-labelledby=\"collapse_button_0\">\n<div class=\"accordion-inner clearfix\">\n<div class=\"h5p-iframe-wrapper\"><iframe id=\"h5p-iframe-28\" class=\"h5p-iframe\" data-content-id=\"28\" style=\"height:1px\" src=\"about:blank\" frameBorder=\"0\" scrolling=\"no\" title=\"AHOD360 - Boebs Werft_Baltic Sea_Dialog Cards_French\"><\/iframe><\/div>\n<\/div>\n<\/div>\n<\/div>\n<p><\/p>\n<div class=\"accordion-group #A1BDCF\">\n<h2 class=\"accordion-heading\"><button class=\"accordion-toggle\" data-toggle=\"collapse\"  href=\"#collapse_1\" aria-expanded=\"false\" aria-controls=\"collapse_1\" id=\"collapse_button_1\"> Drag the Words <\/button><\/h2>\n<div id=\"collapse_1\" class=\"accordion-body\" aria-labelledby=\"collapse_button_1\">\n<div class=\"accordion-inner clearfix\">\n<div class=\"h5p-iframe-wrapper\"><iframe id=\"h5p-iframe-29\" class=\"h5p-iframe\" data-content-id=\"29\" style=\"height:1px\" src=\"about:blank\" frameBorder=\"0\" scrolling=\"no\" title=\"AHOD360 - Boebs Werft_Baltic Sea_Drag the Words_French\"><\/iframe><\/div>\n<\/div>\n<\/div>\n<\/div>\n<p><\/p>\n<div class=\"accordion-group #A1BDCF\">\n<h2 class=\"accordion-heading\"><button class=\"accordion-toggle\" data-toggle=\"collapse\"  href=\"#collapse_2\" aria-expanded=\"false\" aria-controls=\"collapse_2\" id=\"collapse_button_2\"> Multiple Choice <\/button><\/h2>\n<div id=\"collapse_2\" class=\"accordion-body\" aria-labelledby=\"collapse_button_2\">\n<div class=\"accordion-inner clearfix\">\n<div class=\"h5p-iframe-wrapper\"><iframe id=\"h5p-iframe-30\" class=\"h5p-iframe\" data-content-id=\"30\" style=\"height:1px\" src=\"about:blank\" frameBorder=\"0\" scrolling=\"no\" title=\"AHOD360 - Boebs Werft_Baltic Sea_Multiple Choice_French\"><\/iframe><\/div>\n<\/div>\n<\/div>\n<\/div>\n<p><\/p>\n<div class=\"accordion-group #A1BDCF\">\n<h2 class=\"accordion-heading\"><button class=\"accordion-toggle\" data-toggle=\"collapse\"  href=\"#collapse_3\" aria-expanded=\"false\" aria-controls=\"collapse_3\" id=\"collapse_button_3\"> Find the Words <\/button><\/h2>\n<div id=\"collapse_3\" class=\"accordion-body\" aria-labelledby=\"collapse_button_3\">\n<div class=\"accordion-inner clearfix\">\n<div class=\"h5p-iframe-wrapper\"><iframe id=\"h5p-iframe-31\" class=\"h5p-iframe\" data-content-id=\"31\" style=\"height:1px\" src=\"about:blank\" frameBorder=\"0\" scrolling=\"no\" title=\"AHOD360 - Boebs Werft_Baltic Sea_Find The Words_French\"><\/iframe><\/div>\n<\/div>\n<\/div>\n<\/div>\n<p><\/p>\n<div class=\"accordion-group #A1BDCF\">\n<h2 class=\"accordion-heading\"><button class=\"accordion-toggle\" data-toggle=\"collapse\"  href=\"#collapse_4\" aria-expanded=\"false\" aria-controls=\"collapse_4\" id=\"collapse_button_4\"> Drag & Drop <\/button><\/h2>\n<div id=\"collapse_4\" class=\"accordion-body\" aria-labelledby=\"collapse_button_4\">\n<div class=\"accordion-inner clearfix\">\n<div class=\"h5p-iframe-wrapper\"><iframe id=\"h5p-iframe-32\" class=\"h5p-iframe\" data-content-id=\"32\" style=\"height:1px\" src=\"about:blank\" frameBorder=\"0\" scrolling=\"no\" title=\"AHOD360 - Boebs Werft_Baltic Sea _Drag and Drop_French\"><\/iframe><\/div>\n<\/div>\n<\/div>\n<\/div>\n<p>\n<\/div>\n\n","protected":false},"excerpt":{"rendered":"<p>Bienvenue \u00e0 B\u00f6bs-Werft, un centre de maintenance et de restauration de yachts classiques. D\u00e9couvrez la combinaison de l&#8217;artisanat traditionnel et de l&#8217;expertise moderne qui fait de ce chantier naval un fournisseur de premier plan dans les services de yachts. B\u00f6bs Shipyard, situ\u00e9 \u00e0 L\u00fcbeck-Travem\u00fcnde sur la mer Baltique, poss\u00e8de plus d&#8217;un si\u00e8cle de tradition maritime. &#8230; <a title=\"B\u00f6bs-Werft (Mer Baltique)\" class=\"read-more\" href=\"https:\/\/ahod360.ili.eu\/index.php\/fr\/boebs-werft-mer-baltique\/\" aria-label=\"Mehr Informationen \u00fcber B\u00f6bs-Werft (Mer Baltique)\">Weiterlesen<\/a><\/p>\n","protected":false},"author":2,"featured_media":0,"parent":0,"menu_order":0,"comment_status":"closed","ping_status":"closed","template":"","meta":{"footnotes":""},"class_list":["post-239","page","type-page","status-publish"],"_links":{"self":[{"href":"https:\/\/ahod360.ili.eu\/index.php\/wp-json\/wp\/v2\/pages\/239","targetHints":{"allow":["GET"]}}],"collection":[{"href":"https:\/\/ahod360.ili.eu\/index.php\/wp-json\/wp\/v2\/pages"}],"about":[{"href":"https:\/\/ahod360.ili.eu\/index.php\/wp-json\/wp\/v2\/types\/page"}],"author":[{"embeddable":true,"href":"https:\/\/ahod360.ili.eu\/index.php\/wp-json\/wp\/v2\/users\/2"}],"replies":[{"embeddable":true,"href":"https:\/\/ahod360.ili.eu\/index.php\/wp-json\/wp\/v2\/comments?post=239"}],"version-history":[{"count":6,"href":"https:\/\/ahod360.ili.eu\/index.php\/wp-json\/wp\/v2\/pages\/239\/revisions"}],"predecessor-version":[{"id":459,"href":"https:\/\/ahod360.ili.eu\/index.php\/wp-json\/wp\/v2\/pages\/239\/revisions\/459"}],"wp:attachment":[{"href":"https:\/\/ahod360.ili.eu\/index.php\/wp-json\/wp\/v2\/media?parent=239"}],"curies":[{"name":"wp","href":"https:\/\/api.w.org\/{rel}","templated":true}]}}