{"id":147,"date":"2025-04-02T16:52:03","date_gmt":"2025-04-02T14:52:03","guid":{"rendered":"https:\/\/ahod360.ili.eu\/?page_id=147"},"modified":"2025-04-11T12:55:09","modified_gmt":"2025-04-11T10:55:09","slug":"klaas-hennepoel-mer-du-nord","status":"publish","type":"page","link":"https:\/\/ahod360.ili.eu\/index.php\/fr\/klaas-hennepoel-mer-du-nord\/","title":{"rendered":"Klaas Hennepoel (Mer du Nord)"},"content":{"rendered":"\n<p>Bienvenue dans le chantier naval virtuel Klaas Hennepoel, o\u00f9 l&#8217;artisanat traditionnel de la construction navale n\u00e9erlandaise reste vivant. D\u00e9couvrez la restauration de bateaux historiques et l&#8217;utilisation de mat\u00e9riaux et de techniques authentiques.<\/p>\n\n\n\n<p>Scheepswerf Klaas Hennepoel \u00e0 Warmond, Pays-Bas, est d\u00e9di\u00e9 \u00e0 la pr\u00e9servation des techniques traditionnelles de construction navale. Fond\u00e9 par Alexander de Vos, le chantier a cr\u00e9\u00e9 un chantier naval de style XIXe si\u00e8cle avec des b\u00e2timents construits de mani\u00e8re authentique. La mission est de prot\u00e9ger et de restaurer les anciens navires locaux et les m\u00e9thodes de travail. Les visiteurs peuvent assister \u00e0 la restauration de bateaux comme le boeier Vivo et d&#8217;autres embarcations traditionnelles n\u00e9erlandaises comme les tjotters. Le chantier utilise des mat\u00e9riaux de construction navale originaux, souvent du ch\u00eane, obtenus et trait\u00e9s de mani\u00e8re historiquement fid\u00e8le. Le chantier collabore avec des \u00e9tudiants et des apprentis pour fournir une formation pratique, garantissant que les techniques et les histoires de ces navires en bois perdurent. Le chantier propose des d\u00e9monstrations, des opportunit\u00e9s de b\u00e9n\u00e9volat et des visites guid\u00e9es. Bien qu&#8217;il se concentre sur la construction historique, le chantier int\u00e8gre \u00e9galement la conscience environnementale moderne et les nouvelles technologies. Les visiteurs peuvent voir de premi\u00e8re main comment les navires sont restaur\u00e9s et en apprendre davantage sur le patrimoine maritime sur rendez-vous.<\/p>\n\n\n<div id='ggpkg_container_0_147' style='width:100%; height:800px; position: relative;'>\n<div style='width:100%; height:100%; overflow: hidden; position:relative; display:flex; justify-content:center; align-items:center;'>\n<img src='https:\/\/ahod360.ili.eu\/wp-content\/uploads\/2025\/04\/north_sea\/preview.jpg' alt='' onclick='startPlayer_0_147();' style='min-width:100%; max-width: 10000px; min-height: 100%; max-height: 10000px; position: absolute;'>\n<img src='\/wp-content\/plugins\/garden-gnome-package\/include\/play.png' alt='' onclick='startPlayer_0_147();' style='width: 180px; height: 180px; z-index:10; display: block;'>\n<\/div>\n<\/div>\n<script type='text\/javascript' src='https:\/\/ahod360.ili.eu\/wp-content\/uploads\/2025\/04\/north_sea\/pano2vr_player.js'><\/script>\n<script type='text\/javascript' src='https:\/\/ahod360.ili.eu\/wp-content\/uploads\/2025\/04\/north_sea\/skin.js'><\/script>\n<script type='text\/javascript'>\nfunction startPlayer_0_147() {\nif  (typeof north_sea_pano2vrPlayer != 'undefined') {\n\tpano_0_147=new north_sea_pano2vrPlayer('ggpkg_container_0_147');\n} else {\n\tpano_0_147=new pano2vrPlayer('ggpkg_container_0_147');\n}\nif  (typeof north_sea_pano2vrSkin != 'undefined') {\n\tskin_0_147=new north_sea_pano2vrSkin(pano_0_147, 'https:\/\/ahod360.ili.eu\/wp-content\/uploads\/2025\/04\/north_sea\/');\n} else {\n\tskin_0_147=new pano2vrSkin(pano_0_147, 'https:\/\/ahod360.ili.eu\/wp-content\/uploads\/2025\/04\/north_sea\/');\n}\npano_0_147.readConfigUrlAsync('https:\/\/ahod360.ili.eu\/wp-content\/uploads\/2025\/04\/north_sea\/pano.xml');\nvar contentOverflow = document.getElementById('content') ? document.getElementById('content').style.overflow : '';\npano_0_147.addListener('fullscreenenter', function() {\n\tif (document.getElementById('content')) {\n\t\tdocument.getElementById('content').style.overflow = 'visible';\n\t}\n});\npano_0_147.addListener('fullscreenexit', function() {\n\tif (document.getElementById('content')) {\n\t\tdocument.getElementById('content').style.overflow = contentOverflow;\n\t}\n});\n}\n<\/script>\n\n\n\n<div style=\"height:70px\" aria-hidden=\"true\" class=\"wp-block-spacer\"><\/div>\n\n\n\n<h2 class=\"wp-block-heading\">\ud83d\udcd2 Plus d\u00b4informations<\/h2>\n\n\n\n<p>Pour plus d&#8217;informations utiles sur le chantier naval, y compris la navigation, les objectifs d&#8217;apprentissage et le contenu, veuillez t\u00e9l\u00e9charger notre manuel d&#8217;utilisation.<\/p>\n\n\n\n<div class=\"wp-block-file\"><a id=\"wp-block-file--media-c5109f55-ab0d-4527-adc2-d0d55ec062f8\" href=\"https:\/\/ahod360.ili.eu\/wp-content\/uploads\/2025\/04\/AHOD-360-D4.18-Manuel-de-lutilisateur_FR.pdf\">AHOD 360 &#8211; D4.18 Manuel de l&#8217;utilisateur_FR<\/a><a href=\"https:\/\/ahod360.ili.eu\/wp-content\/uploads\/2025\/04\/AHOD-360-D4.18-Manuel-de-lutilisateur_FR.pdf\" class=\"wp-block-file__button wp-element-button\" download aria-describedby=\"wp-block-file--media-c5109f55-ab0d-4527-adc2-d0d55ec062f8\">T\u00e9l\u00e9charger<\/a><\/div>\n\n\n\n<div style=\"height:70px\" aria-hidden=\"true\" class=\"wp-block-spacer\"><\/div>\n\n\n\n<h2 class=\"wp-block-heading\">\ud83c\udfb2 Testez vos connaissances!<\/h2>\n\n\n\n<p>Avez-vous appr\u00e9ci\u00e9 la visite du chantier naval? Testez maintenant vos connaissances avec nos questions interactives!<\/p>\n\n\n<div class=\"rrze-elements accordion style_light\" id=\"accordion-0\">\n<div class=\"accordion-group #A1BDCF\">\n<h2 class=\"accordion-heading\"><button class=\"accordion-toggle\" data-toggle=\"collapse\"  href=\"#collapse_0\" aria-expanded=\"false\" aria-controls=\"collapse_0\" id=\"collapse_button_0\"> Dialog Cards <\/button><\/h2>\n<div id=\"collapse_0\" class=\"accordion-body\" aria-labelledby=\"collapse_button_0\">\n<div class=\"accordion-inner clearfix\">\n<div class=\"h5p-iframe-wrapper\"><iframe id=\"h5p-iframe-128\" class=\"h5p-iframe\" data-content-id=\"128\" style=\"height:1px\" src=\"about:blank\" frameBorder=\"0\" scrolling=\"no\" title=\"AHOD360 - Klaas Hennepoel_North Sea_Dialogue Card_French\"><\/iframe><\/div>\n<\/div>\n<\/div>\n<\/div>\n<p><\/p>\n<div class=\"accordion-group #A1BDCF\">\n<h2 class=\"accordion-heading\"><button class=\"accordion-toggle\" data-toggle=\"collapse\"  href=\"#collapse_1\" aria-expanded=\"false\" aria-controls=\"collapse_1\" id=\"collapse_button_1\"> Drag the Words <\/button><\/h2>\n<div id=\"collapse_1\" class=\"accordion-body\" aria-labelledby=\"collapse_button_1\">\n<div class=\"accordion-inner clearfix\">\n<div class=\"h5p-iframe-wrapper\"><iframe id=\"h5p-iframe-129\" class=\"h5p-iframe\" data-content-id=\"129\" style=\"height:1px\" src=\"about:blank\" frameBorder=\"0\" scrolling=\"no\" title=\"AHOD360 - Klaas Hennepoel_North Sea_Drag the words_French\"><\/iframe><\/div>\n<\/div>\n<\/div>\n<\/div>\n<p><\/p>\n<div class=\"accordion-group #A1BDCF\">\n<h2 class=\"accordion-heading\"><button class=\"accordion-toggle\" data-toggle=\"collapse\"  href=\"#collapse_2\" aria-expanded=\"false\" aria-controls=\"collapse_2\" id=\"collapse_button_2\"> Find the Words <\/button><\/h2>\n<div id=\"collapse_2\" class=\"accordion-body\" aria-labelledby=\"collapse_button_2\">\n<div class=\"accordion-inner clearfix\">\n<div class=\"h5p-iframe-wrapper\"><iframe id=\"h5p-iframe-130\" class=\"h5p-iframe\" data-content-id=\"130\" style=\"height:1px\" src=\"about:blank\" frameBorder=\"0\" scrolling=\"no\" title=\"AHOD360 - Klaas Hennepoel_North Sea_Find the words_French\"><\/iframe><\/div>\n<\/div>\n<\/div>\n<\/div>\n<p><\/p>\n<div class=\"accordion-group #A1BDCF\">\n<h2 class=\"accordion-heading\"><button class=\"accordion-toggle\" data-toggle=\"collapse\"  href=\"#collapse_3\" aria-expanded=\"false\" aria-controls=\"collapse_3\" id=\"collapse_button_3\"> Memory Game <\/button><\/h2>\n<div id=\"collapse_3\" class=\"accordion-body\" aria-labelledby=\"collapse_button_3\">\n<div class=\"accordion-inner clearfix\">\n<div class=\"h5p-content\" data-content-id=\"131\"><\/div>\n<\/div>\n<\/div>\n<\/div>\n<p><\/p>\n<div class=\"accordion-group #A1BDCF\">\n<h2 class=\"accordion-heading\"><button class=\"accordion-toggle\" data-toggle=\"collapse\"  href=\"#collapse_4\" aria-expanded=\"false\" aria-controls=\"collapse_4\" id=\"collapse_button_4\"> Multiple Choice <\/button><\/h2>\n<div id=\"collapse_4\" class=\"accordion-body\" aria-labelledby=\"collapse_button_4\">\n<div class=\"accordion-inner clearfix\">\n<div class=\"h5p-iframe-wrapper\"><iframe id=\"h5p-iframe-132\" class=\"h5p-iframe\" data-content-id=\"132\" style=\"height:1px\" src=\"about:blank\" frameBorder=\"0\" scrolling=\"no\" title=\"AHOD360 - Klaas Hennepoel_North Sea_Multiple Choice_French\"><\/iframe><\/div>\n<\/div>\n<\/div>\n<\/div>\n<p>\n<\/div>\n\n","protected":false},"excerpt":{"rendered":"<p>Bienvenue dans le chantier naval virtuel Klaas Hennepoel, o\u00f9 l&#8217;artisanat traditionnel de la construction navale n\u00e9erlandaise reste vivant. D\u00e9couvrez la restauration de bateaux historiques et l&#8217;utilisation de mat\u00e9riaux et de techniques authentiques. Scheepswerf Klaas Hennepoel \u00e0 Warmond, Pays-Bas, est d\u00e9di\u00e9 \u00e0 la pr\u00e9servation des techniques traditionnelles de construction navale. Fond\u00e9 par Alexander de Vos, le &#8230; <a title=\"Klaas Hennepoel (Mer du Nord)\" class=\"read-more\" href=\"https:\/\/ahod360.ili.eu\/index.php\/fr\/klaas-hennepoel-mer-du-nord\/\" aria-label=\"Mehr Informationen \u00fcber Klaas Hennepoel (Mer du Nord)\">Weiterlesen<\/a><\/p>\n","protected":false},"author":2,"featured_media":0,"parent":0,"menu_order":0,"comment_status":"closed","ping_status":"closed","template":"","meta":{"footnotes":""},"class_list":["post-147","page","type-page","status-publish"],"_links":{"self":[{"href":"https:\/\/ahod360.ili.eu\/index.php\/wp-json\/wp\/v2\/pages\/147","targetHints":{"allow":["GET"]}}],"collection":[{"href":"https:\/\/ahod360.ili.eu\/index.php\/wp-json\/wp\/v2\/pages"}],"about":[{"href":"https:\/\/ahod360.ili.eu\/index.php\/wp-json\/wp\/v2\/types\/page"}],"author":[{"embeddable":true,"href":"https:\/\/ahod360.ili.eu\/index.php\/wp-json\/wp\/v2\/users\/2"}],"replies":[{"embeddable":true,"href":"https:\/\/ahod360.ili.eu\/index.php\/wp-json\/wp\/v2\/comments?post=147"}],"version-history":[{"count":5,"href":"https:\/\/ahod360.ili.eu\/index.php\/wp-json\/wp\/v2\/pages\/147\/revisions"}],"predecessor-version":[{"id":447,"href":"https:\/\/ahod360.ili.eu\/index.php\/wp-json\/wp\/v2\/pages\/147\/revisions\/447"}],"wp:attachment":[{"href":"https:\/\/ahod360.ili.eu\/index.php\/wp-json\/wp\/v2\/media?parent=147"}],"curies":[{"name":"wp","href":"https:\/\/api.w.org\/{rel}","templated":true}]}}